**2 + 6*v - 17. Let y(x) = a(x) - 5*j(x). What is y(t)?
-6
Let m(d) = 2*d - 10. Suppose -44*u = -43*u - 8. Let f be m(u). Let a(p) = -p**3 + 6*p**2 - p. What is a(f)?
-6
Suppose 0 = 7*g - 11*g + 8. Let n(t) = -5*t + 12. Let i be n(g). Let h(o) = 1 + 1 + i*o - 2*o - 5*o**2 - 2*o. What is h(-2)?
-14
Let w(m) = 7*m**2 - 329*m**3 - 4*m**2 + 2 + 649*m**3 + 2*m - 319*m**3. Give w(-3).
-4
Let a(o) be the third derivative of -71*o**4/24 - 117*o**3 - 3*o**2 + 202. Determine a(-10).
8
Let n(y) = 90*y + 1102. Let a be n(-12). Let w(z) be the second derivative of z**2 + 0 - 7/6*z**3 + 1/12*z**4 - a*z. Calculate w(6).
-4
Let m(f) = -10*f**2 - 1. Suppose 0 = -o + 2*o. Let r(k) = -2*k**2 + 2*k - 1. Let g be r(1). Let y = o + g. Determine m(y).
-11
Let c be 6/3 + (1 - 7). Let s be (8/12)/(c/18). Let z(k) = 192*k - 384*k + 193*k + k**2. Determine z(s).
6
Suppose 4*g = -3*u + 26, 2*u + 5*g - 7*g + 6 = 0. Let c(o) = o + 36 - u*o + 38 - 75. Let s(y) = -4*y**3 - 2*y + 1. Let t be s(1). Determine c(t).
4
Let p(x) = 63*x**3 + 60*x**3 - 12*x - 13*x**2 + 62*x**3 + 63*x**3 - 249*x**3 - 6. Calculate p(-12).
-6
Let j(d) be the second derivative of 9*d - 1/20*d**5 - 1/3*d**3 + 5/12*d**4 + 1/2*d**2 + 0. Let g = 125 + -123. What is j(g)?
9
Suppose 0 = -b, 10 = 4*r - 2*r + 3*b. Suppose 0 = 3*j + 4*y + 4, 0*j - r*y - 24 = -j. Suppose -j*v = -2*v - 6. Let k(p) = p**3 - 3*p**2 - 2. Calculate k(v).
-2
Let y(h) = -h**3 - 4*h**2 + 11*h + 24. Let z(w) = 111*w + 2770. Let k be z(-25). What is y(k)?
-6
Let m(z) = z**3 + 3*z**2 + 4*z - 1. Suppose 29*k - 120 - 25 = 0. Suppose 5*d = k*f - 3*f + 18, 4*f + 26 = 5*d. Calculate m(f).
-33
Let f(d) = -d**3 + 3*d**2 - 7*d + 13. Suppose 14*w - 55*w = -14*w - 81. Give f(w).
-8
Let u(b) = -b**3 + 11*b**2 + 3*b - 16. Suppose -12*v + 7*v - 1487 = 4*r, -2*r + 584 = -2*v. Let y = 306 + v. What is u(y)?
17
Let m(j) be the first derivative of -5*j**2 - 199 + 10*j - 13/3*j**3 - 1/4*j**4. Give m(-12).
-14
Let p(j) = -3*j + 1 + 6*j**2 + 57*j**3 + 2 - 58*j**3. Let h(v) = 8*v - 82. Let y be h(11). Determine p(y).
-15
Let i(t) = t**3 - 28*t**2 - 6*t + 190. Let a be i(28). Let k(b) = -b**2 + 24*b - 67. What is k(a)?
-23
Let x be 520/13 + (-1)/(-2)*-6. Let o(z) = z**3 - 4*z**2 - 4*z. Let s be o(5). Suppose -6*l - x - s = 0. Let q(c) = c - 5. What is q(l)?
-12
Let h(f) = 77*f**3 - 60*f**2 + 161*f. Let p(d) = -106*d**3 + 80*d**2 - 216*d. Let v(i) = -11*h(i) - 8*p(i). What is v(-22)?
-22
Let i(v) be the first derivative of v**4/2 - 4*v**3/3 - 3*v - 161. Calculate i(3).
15
Let f(x) = x**2 - 7*x - 2. Suppose 8*v = 24*v. Give f(v).
-2
Let o = -137 - -137. Suppose 0 = k - g - 2, 5*k + 3*g + 22 = o. Let q(b) = -b**2 - 4*b - 4. Give q(k).
0
Let c(o) = o**3 + o**2 - 245*o + 2463 - 2471 + 238*o - 3*o**2. Give c(4).
-4
Let b(s) = -6*s + 100. Let f(h) = 3*h**3 + 13*h**2 + 7*h + 27. Let j be f(-4). What is b(j)?
10
Let n(w) = w + 1. Let q(x) = -2*x**2 + 18*x. Let i be q(9). Suppose i = d - 3, d = 2*o - 0*d - 73. Suppose 37*j = o*j + 5. Determine n(j).
-4
Let t(w) be the second derivative of w**3/2 - 8*w**2 + 78*w + 3. Give t(8).
8
Let s(b) = 21*b + 38. Let x(f) = 37*f + 75. Let m(g) = -7*s(g) + 4*x(g). Determine m(-15).
19
Let i(j) = -j**3 + 9*j**2 - 8*j - 11. Let n be (-28)/(-210) + (-253)/(-15). Suppose 8 = -16*p + n*p. Give i(p).
-11
Let x(m) = -3 + 281107*m - 281114*m - 10 + m**2. Give x(8).
-5
Let o(k) = -99*k - 3. Let t(f) = f**2 - 82*f - 345. Let n be t(-4). What is o(n)?
96
Let u = -6 - -4. Let r(m) be the third derivative of 5*m**4/24 + 40*m**2 + 20*m. Determine r(u).
-10
Let w(r) = -3*r + 5. Suppose h - 108 = -2*m - 48, -h = 3*m - 88. Give w(m).
-79
Let f(p) = -p**3 - 6*p**2 - p - 6. Suppose 48*c = 57*c - 90. Let y(v) = -v**2 + 10*v - 6. Let t be y(c). Give f(t).
0
Let w(o) = -3*o - 29. Let a(j) = -j**2 - j - 1. Let u(g) = -a(g) + w(g). Let p be u(7). Let y(r) = 3*r - 22. What is y(p)?
-1
Let g(v) = 7*v + 98. Suppose 10*z = 20*z + 18*z + 392. Calculate g(z).
0
Let t = 45 + -43. Suppose -2*x = t*x. Suppose x = 8*m - 4*m - 24. Let n(z) = -z**2 + 8*z + 5. Calculate n(m).
17
Let p(b) be the first derivative of 0*b**3 + 2/3*b**4 - 1/2*b**2 + 6 - 20*b. Let n(o) be the first derivative of p(o). Give n(1).
7
Let j(x) = 19*x**2 - 49033 - x**3 + 49045 - 10*x - 25*x. Calculate j(17).
-5
Let i(j) = -3*j + 3. Suppose 3*k + c + 44 = 56, 0 = k + 2*c - 14. Calculate i(k).
-3
Let k(n) = 3*n**2 - 2*n - 16. Let q be k(-5). Let r = 76 - q. Let a(j) = j - 2. What is a(r)?
5
Let t(o) be the first derivative of o**4/4 + 8*o**3/3 + 3*o**2 - 2*o + 1227. Let p = 32 + -37. What is t(p)?
43
Let w(x) = -2*x - 7. Suppose -728 = 9*b + 82. Let d be (-8)/(-10) + 612/b. Calculate w(d).
5
Suppose 3*i - 3*m + m = 54, 5*i - 90 = -2*m. Let s = -16 + i. Let u be ((-1 - 1)*-8)/s. Let a(q) = q**3 - 7*q**2 - 8*q + 4. Determine a(u).
4
Suppose -2*f + 21 = 13. Let b be (190/(-50) + f)*5/1. Let c(a) = 14*a. Calculate c(b).
14
Let o(s) = 2*s + s**3 + 2*s - 7 - 150*s**2 + 157*s**2. Suppose 2 = 6*m + 92. Let a be ((-18)/m)/(4/(-20)). Calculate o(a).
5
Let l = 17206 - 17212. Let q(i) = -i**2 - 13*i - 44. Determine q(l).
-2
Let x(c) be the third derivative of -c**4/24 + 37*c**3/6 + 2*c**2 + 2. Let f be x(42). Let v(l) = -l**3 - 5*l**2 + 3*l - 4. Give v(f).
-19
Let a = -57 + 63. Let w(u) = a*u - 109 - u**2 + 53 + 52. Suppose 0 = s - 2*s + 6. Calculate w(s).
-4
Let q(v) = -9*v**2 - 3*v - 1. Let o be (-1880)/(-6)*(-75)/50. Let y = o - -468. Determine q(y).
-31
Let l(z) = 72 + 113*z**2 - 46*z + 13*z + 4*z - 110*z**2 - 43*z. Calculate l(23).
3
Let b(c) = -7 + 16*c**2 + 5*c**3 - 4*c**3 + 3295*c - 3267*c. Determine b(-14).
-7
Let l(t) = -2*t**2 + 4*t + 12. Suppose -3*x = 3*q + 9, 0 = -q + x - 3 + 4. Let d(k) = -k**2 - 2*k - 1. Let h(b) = q*l(b) + 3*d(b). What is h(-8)?
1
Let i(k) = 22 - 10 - 14 + k**2. Let f be ((-12)/10)/((-6)/(-560)*4). Let r be (-6)/(-60)*f - 2/10. Calculate i(r).
7
Let g(r) = -r**3 + 4*r**2 + 2*r + 6. Let j(d) = -d**2 - 17*d + 143. Let q(t) = -35*t + 12. Let v be q(1). Let l be j(v). Determine g(l).
-9
Let s(d) = d**2 - 7*d - 7. Let o be s(-4). Let x = o + -67. Let g = -27 - x. Let m(b) = -b**3 + 3*b**2 - 3*b + 1. What is m(g)?
-8
Let k(g) = -28473*g + 9 - 28471*g + 56933*g - 2*g**2. Determine k(-6).
3
Let y be 665/14 - 2/(-4). Suppose 0 = -7*o - 90 + y. Let r(m) = -2*m**2 - 9*m. Determine r(o).
-18
Let s(c) = c**2 - 10*c - 102. Let z(n) = 4*n**2 - 42*n - 409. Let f(o) = 9*s(o) - 2*z(o). Let u(x) be the first derivative of f(x). What is u(9)?
12
Suppose -4*g = l + 1, 84*l = 89*l + 25. Suppose -7 = -x - 4*n, x + 2*n + g = 6. Let u(t) = -3 + t + 2*t - 4*t. What is u(x)?
-6
Let w(r) = -r**3 + 27*r**2 - 23*r - 8. Let o(c) = c**3 + 37*c**2 - 3*c - 2529. Let b be o(-35). Calculate w(b).
70
Suppose c = -4*m + 5, 3*m + 10 = c + c. Suppose -h = 2*z + 4*h + c, z - 4*h = -9. Let s(a) be the first derivative of -a**2 - 3*a - 16293. Calculate s(z).
7
Suppose -12*l - 15 = -17*l. Let b(x) = -x**3 + 128 - 5*x**2 - 131 + 3*x**2 + l*x. Determine b(-3).
-3
Let j(s) = s**3 + 3*s**2 + 4*s + 10. Let y(a) = 2*a**3 + 2*a**2 + 7*a + 14. Let r(u) = -3*j(u) + 2*y(u). Determine r(4).
-10
Suppose v + v + 2 = 0. Let u(f) = f - 1. Let j = -301 + 297. Let q(c) = -3*c - 10. Let r(p) = j*u(p) + v*q(p). Give r(8).
6
Let c(z) = 45*z - 46*z + 2 - 4. Let w(x) = 2*x + 6. Let d be w(0). Let m be (-54)/(-10) - (32/5 - d). Give c(m).
-7
Let t be 7 - ((-4)/(-12))/(1/(-9)). Let y(v) = -86*v - 18. Let d(p) = 19*p + 5. Let q(u) = -9*d(u) - 2*y(u). Calculate q(t).
1
Let f(n) = -43*n - 2. Let o(s) = -s**2 - 427*s - 23. Let j(a) = -10*f(a) + o(a). Suppose -7 = -2*k + 1. Give j(k).
-7
Let o(a) = -84*a - 339. Let m(s) = -27*s - 119. Let g(h) = -17*m(h) + 6*o(h). Calculate g(-1).
34
Let b = -127 + 111. Let h be (-1)/(b/(-88)) + 2/4. Let q(n) = 2*n + 10. Let x(i) = -2*i - 11. Let z(w) = 5*q(w) + 4*x(w). Calculate z(h).
-4
Let n(y) = -5*y + 147. Suppose 57 = 2*q + 5*a, -2*q + 49 = -2*a - 1. Determine n(q).
17
Let x(s) be the third derivative of -s**5/60 - s**4/3 - 2*s**2. Let c(h) = -76*h + 160. Let r be c(5). Let u = r + 214. Determine x(u).
12
Let w(i) = -i**3 - 6*i**2 + 10*i + 6. Suppose n + 2*b - 1 = -23, 4*n = 4*b - 64. Let y = -19 - n. Let r = y - 6. Give w(r).
-15
Let u(n) = -n + 14. Let a(o) = o**3 - 21*o**2 + 2*o - 25. Let w be a(21). Sup